e
Does 23 divide 64?
False
Does 17 divide 1027?
False
Is 25 a factor of 875?
True
Is 24 a factor of 1128?
True
Is 486 a multiple of 9?
True
Is 7060 a multiple of 20?
True
Is 21870 a multiple of 135?
True
Does 11 divide 3003?
True
Is 988 a multiple of 76?
True
Is 57 a factor of 2950?
False
Is 136 a factor of 77092?
False
Is 24 a factor of 1464?
True
Is 16480 a multiple of 40?
True
Is 6 a factor of 10583?
False
Is 15947 a multiple of 37?
True
Does 13 divide 222?
False
Is 285 even?
False
Is 105 a multiple of 2?
False
Is 299 a multiple of 158?
False
Is 14267 a multiple of 9?
False
Is 18 a factor of 34416?
True
Is 34 a factor of 952?
True
Is 37047 a multiple of 14?
False
Is 30 a factor of 2760?
True
Is 20725 a multiple of 25?
True
Is 35209 a multiple of 14?
False
Is 468 a multiple of 9?
True
Is 11 a factor of 2739?
True
Does 31 divide 8334?
False
Is 18 a factor of 25092?
True
Is 6 a factor of 1720?
False
Does 91 divide 273?
True
Is 24 a factor of 192?
True
Is 9504 a multiple of 18?
True
Does 19 divide 8149?
False
Does 37 divide 2664?
True
Is 16 a factor of 197?
False
Is 50 a factor of 11100?
True
Is 651 a multiple of 16?
False
Does 9 divide 1098?
True
Is 42 a factor of 1279?
False
Is 96 a multiple of 3?
True
Is 67 a factor of 6532?
False
Is 5551 a multiple of 13?
True
Does 7 divide 1274?
True
Is 6 a factor of 580?
False
Is 9 a factor of 1609?
False
Is 64 a factor of 10590?
False
Is 14375 a multiple of 191?
False
Is 150 a factor of 10018?
False
Does 29 divide 2175?
True
Is 39 a factor of 780?
True
Does 77 divide 2079?
True
Is 1700 a multiple of 10?
True
Is 120 a multiple of 6?
True
Does 209 divide 3553?
True
Is 447 a multiple of 49?
False
Does 66 divide 1138?
False
Does 24 divide 734?
False
Is 32 a factor of 21585?
False
Is 1440 a multiple of 15?
True
Does 54 divide 195?
False
Is 5103 a multiple of 29?
False
Does 43 divide 17544?
True
Is 36 a factor of 7596?
True
Does 188 divide 6768?
True
Does 13 divide 7111?
True
Is 241 a multiple of 4?
False
Does 5 divide 3749?
False
Does 16 divide 3701?
False
Is 161 a factor of 5474?
True
Does 4 divide 5224?
True
Does 20 divide 2640?
True
Is 47 a factor of 5248?
False
Is 112 a factor of 9520?
True
Is 1378 a multiple of 46?
False
Is 108 a factor of 1235?
False
Does 5 divide 11988?
False
Does 15 divide 2340?
True
Is 133 a factor of 8379?
True
Does 69 divide 24499?
False
Is 7 a factor of 532?
True
Is 621 a multiple of 69?
True
Does 9 divide 4599?
True
Does 7 divide 3301?
False
Does 97 divide 3796?
False
Is 71 a factor of 20012?
False
Is 105 a factor of 1057?
False
Does 7 divide 6972?
True
Does 22 divide 13662?
True
Is 12670 a multiple of 35?
True
Does 31 divide 615?
False
Is 4416 a multiple of 24?
True
Is 3 a factor of 4681?
False
Is 164 a factor of 1731?
False
Does 17 divide 1938?
True
Is 92631 a multiple of 18?
False
Is 119 a multiple of 14?
False
Is 245 a multiple of 7?
True
Does 40 divide 1531?
False
Is 2 a factor of 5991?
False
Is 15 a factor of 330?
True
Is 667 a multiple of 29?
True
Is 73366 a multiple of 181?
False
Does 23 divide 888?
False
Is 9 a factor of 54?
True
Is 25 a factor of 948?
False
Is 1335 a multiple of 15?
True
Is 29 a factor of 74993?
False
Is 80503 a multiple of 19?
True
Does 65 divide 2405?
True
Is 60 a factor of 3780?
True
Does 3 divide 129?
True
Is 23 a factor of 5478?
False
Is 12453 a multiple of 18?
False
Does 25 divide 148?
False
Is 184 a multiple of 4?
True
Does 6 divide 251?
False
Is 21462 a multiple of 294?
True
Is 897 a multiple of 39?
True
Does 6 divide 72?
True
Does 58 divide 522?
True
Is 1620 a multiple of 180?
True
Is 441 a multiple of 9?
True
Does 3 divide 1548?
True
Is 20 a factor of 579?
False
Does 70 divide 28197?
False
Is 5 a factor of 25?
True
Is 4329 a multiple of 9?
True
Is 20 a factor of 580?
True
Does 22 divide 298?
False
Does 9 divide 22626?
True
Is 49 a factor of 1519?
True
Is 13 a factor of 234?
True
Is 17 a factor of 14625?
False
Is 11746 a multiple of 14?
True
Is 27 a factor of 8532?
True
Does 67 divide 1089?
False
Does 35 divide 2485?
True
Is 7284 a multiple of 28?
False
Is 114 a multiple of 6?
True
Is 6033 a multiple of 12?
False
Is 13 a factor of 3192?
False
Is 76 a factor of 456?
True
Is 16299 a multiple of 9?
True
Is 474 even?
True
Does 31 divide 775?
True
Is 15 a factor of 58882?
False
Does 81 divide 14297?
False
Does 2 divide 164?
True
Does 111 divide 4329?
True
Does 96 divide 2296?
False
Is 255 a multiple of 17?
True
Does 9 divide 278?
False
Is 598 a multiple of 23?
True
Does 10 divide 350?
True
Is 7 a factor of 1128?
False
Does 27 divide 5508?
True
Is 416 a multiple of 13?
True
Is 8668 a multiple of 44?
True
Is 9 a factor of 2394?
True
Is 609 a multiple of 29?
True
Does 21 divide 3171?
True
Is 352 a multiple of 44?
True
Is 133 a factor of 3680?
False
Is 20339 a multiple of 43?
True
Does 173 divide 21300?
False
Does 53 divide 5674?
False
Is 10592 a multiple of 16?
True
Is 22 a factor of 830?
False
Is 30 a factor of 660?
True
Does 20 divide 11025?
False
Is 502 a multiple of 61?
False
Does 16 divide 6544?
True
Does 19 divide 703?
True
Is 39100 a multiple of 170?
True
Is 17 a factor of 5117?
True
Is 66 a factor of 22900?
False
Is 22 a factor of 251?
False
Is 30 a factor of 2281?
False
Does 38 divide 2710?
False
Does 34 divide 14008?
True
Is 8448 a multiple of 44?
True
Is 87 a factor of 1479?
True
Does 54 divide 4305?
False
Is 38057 a multiple of 19?
True
Is 481 even?
False
Does 43 divide 8541?
False
Is 505 a multiple of 30?
False
Is 1046 a multiple of 43?
False
Does 33 divide 301?
False
Is 141 a factor of 47517?
True
Is 39 a factor of 6591?
True
Is 468 a multiple of 16?
False
Is 700 a multiple of 20?
True
Is 90 a factor of 922?
False
Is 282 a multiple of 3?
True
Is 23 a factor of 968?
False
Does 3 divide 1517?
False
Is 1689 a multiple of 10?
False
Does 184 divide 78494?
False
Does 73 divide 11899?
True
Does 175 divide 4468?
False
Is 47 a factor of 930?
False
Does 53 divide 424?
True
Does 98 divide 454?
False
Does 209 divide 48130?
False
Is 40 a factor of 8621?
False
Does 4 divide 3514?
False
Does 316 divide 115024?
True
Does 9 divide 99?
True
Is 6 a factor of 390?
True
Is 8478 a multiple of 27?
True
Does 5 divide 353?
False
Is 2856 a multiple of 42?
True
Is 4630 a multiple of 10?
True
Is 16 a factor of 13176?
False
Is 28520 a multiple of 10?
True
Is 15 a factor of 390?
True
Is 288 a multiple of 4?
True
Does 4 divide 2546?
False
Does 13 divide 15257?
False
Does 11 divide 1694?
True
Is 13 a factor of 1733?
False
Is 3850 a multiple of 11?
True
Is 54 a factor of 594?
True
Is 17 a factor of 24497?
True
Is 26 a factor of 1846?
True
Does 22 divide 58080?
True
Is 6 a factor of 100?
False
Is 8 a factor of 306?
False
Is 48048 a multiple of 24?
True
Is 9 a factor of 769?
False
Is 2 a factor of 6338?
True
Is 23 a factor of 15502?
True
Does 18 divide 1386?
True
Does 154 divide 946?
False
Is 16938 a multiple of 39?
False
Is 16 a factor of 368?
True
Is 1639 a multiple of 11?
True
Does 16 divide 5674?
False
Is 119 a factor of 1142?
False
Does 12 divide 28071?
False
Is 18646 a multiple of 11?
False
Does 82 divide 2136?
False
Does 53 divide 27348?
True
Is 43 a factor of 42918?
False
Is 18 a factor of 4676?
False
Does 60 divide 2724?
False
Does 50 divide 723?
False
Is 25 a factor of 3375?
True
Does 16 divide 2023?
False
Is 22 a factor of 7422?
False
Is 2611 a multiple of 15?
False
Does 8 divide 688?
True
Is 23 a factor of 8763?
True
Is 2350 a multiple of 24?
False
Does 58 divide 46922?
True
Is 54 a factor of 5346?
True
Is 8670 a multiple of 10?
True
Does 19 divide 17050?
False
Does 47 divide 1222?
True
Is 26672 a multiple of 19?
False
Is 38 a factor of 1722?
False
Is 11 a factor of 1045?
True
Does 14 divide 4985?
False
Is 608 a multiple of 19?
True
Is 25 a factor of 15700?
True
Does 9 divide 9550?
False
Is 81594 a multiple of 38?
False
Does 31 divide 305?
False
Is 11 a factor of 32725?
True
Is 24 a factor of 86900?
False
Is 4966 a multiple of 26?
True
Is 315 a multiple of 7?
True
Does 10 divide 5230?
True
Does 17 divide 20275?
False
Is 561 a multiple of 11?
True
Is 23 a factor of 679?
False
Is 509 a multiple of 7?
False
Is 28 a factor of 10322?
False
Is 2520 a multiple of 12?
True
Does 51 divide 25676?
False
Does 15 divide 390?
True
Is 3 a factor of 3241?
False
Is 19 a fa